 180 is divided by 93?
87
What is the remainder when 178 is divided by 115?
63
Calculate the remainder when 1622 is divided by 25.
22
Calculate the remainder when 615 is divided by 196.
27
Calculate the remainder when 894 is divided by 295.
9
What is the remainder when 295 is divided by 37?
36
Calculate the remainder when 505 is divided by 74.
61
What is the remainder when 335 is divided by 9?
2
Calculate the remainder when 398 is divided by 96.
14
What is the remainder when 1169 is divided by 69?
65
What is the remainder when 93 is divided by 92?
1
What is the remainder when 29 is divided by 5?
4
Calculate the remainder when 178 is divided by 3.
1
Calculate the remainder when 83 is divided by 61.
22
Calculate the remainder when 158 is divided by 12.
2
Calculate the remainder when 12501 is divided by 266.
265
Calculate the remainder when 8 is divided by 8.
0
What is the remainder when 509 is divided by 133?
110
What is the remainder when 414 is divided by 137?
3
Calculate the remainder when 3647 is divided by 114.
113
Calculate the remainder when 346 is divided by 73.
54
What is the remainder when 185 is divided by 27?
23
Calculate the remainder when 6074 is divided by 467.
3
Calculate the remainder when 362 is divided by 140.
82
What is the remainder when 325 is divided by 104?
13
Calculate the remainder when 663 is divided by 136.
119
What is the remainder when 2666 is divided by 2?
0
What is the remainder when 238 is divided by 114?
10
What is the remainder when 7543 is divided by 46?
45
What is the remainder when 3001 is divided by 10?
1
Calculate the remainder when 39739 is divided by 27.
22
What is the remainder when 78 is divided by 18?
6
What is the remainder when 490 is divided by 38?
34
Calculate the remainder when 10425 is divided by 111.
102
Calculate the remainder when 270 is divided by 88.
6
Calculate the remainder when 192 is divided by 140.
52
Calculate the remainder when 325 is divided by 22.
17
Calculate the remainder when 853 is divided by 4.
1
Calculate the remainder when 141 is divided by 12.
9
What is the remainder when 1428 is divided by 9?
6
Calculate the remainder when 187 is divided by 4.
3
Calculate the remainder when 4440 is divided by 13.
7
Calculate the remainder when 10475 is divided by 62.
59
What is the remainder when 149 is divided by 12?
5
What is the remainder when 128 is divided by 107?
21
Calculate the remainder when 2034 is divided by 671.
21
Calculate the remainder when 239 is divided by 119.
1
What is the remainder when 1178 is divided by 20?
18
What is the remainder when 126 is divided by 38?
12
Calculate the remainder when 1330 is divided by 29.
25
What is the remainder when 77 is divided by 5?
2
Calculate the remainder when 503 is divided by 7.
6
Calculate the remainder when 45728 is divided by 10.
8
Calculate the remainder when 163 is divided by 15.
13
What is the remainder when 30 is divided by 8?
6
Calculate the remainder when 525 is divided by 42.
21
What is the remainder when 1389 is divided by 199?
195
Calculate the remainder when 697 is divided by 265.
167
What is the remainder when 144 is divided by 78?
66
Calculate the remainder when 14088 is divided by 10.
8
Calculate the remainder when 261 is divided by 80.
21
Calculate the remainder when 6414 is divided by 207.
204
Calculate the remainder when 629 is divided by 105.
104
Calculate the remainder when 489 is divided by 82.
79
Calculate the remainder when 4634 is divided by 357.
350
What is the remainder when 39 is divided by 7?
4
Calculate the remainder when 4730 is divided by 4.
2
What is the remainder when 6905 is divided by 138?
5
What is the remainder when 52 is divided by 33?
19
Calculate the remainder when 263 is divided by 12.
11
Calculate the remainder when 4206 is divided by 61.
58
Calculate the remainder when 2191 is divided by 137.
136
What is the remainder when 85 is divided by 23?
16
Calculate the remainder when 251 is divided by 8.
3
Calculate the remainder when 306 is divided by 44.
42
What is the remainder when 100 is divided by 57?
43
What is the remainder when 394 is divided by 46?
26
Calculate the remainder when 466 is divided by 39.
37
What is the remainder when 76 is divided by 35?
6
Calculate the remainder when 227 is divided by 161.
66
What is the remainder when 1285 is divided by 427?
4
Calculate the remainder when 390 is divided by 12.
6
Calculate the remainder when 212 is divided by 71.
70
What is the remainder when 2101 is divided by 34?
27
Calculate the remainder when 153 is divided by 22.
21
Calculate the remainder when 1094 is divided by 73.
72
Calculate the remainder when 1095 is divided by 92.
83
What is the remainder when 257 is divided by 20?
17
Calculate the remainder when 3957 is divided by 110.
107
What is the remainder when 36 is divided by 23?
13
What is the remainder when 576 is divided by 210?
156
Calculate the remainder when 3040 is divided by 127.
119
What is the remainder when 3372 is divided by 147?
138
What is the remainder when 7738 is divided by 7735?
3
What is the remainder when 1014 is divided by 39?
0
Calculate the remainder when 375 is divided by 84.
39
What is the remainder when 105 is divided by 9?
6
What is the remainder when 143 is divided by 29?
27
What is the remainder when 338 is divided by 70?
58
What is the remainder when 188 is divided by 39?
32
Calculate the remainder when 78 is divided by 47.
31
What is the remainder when 341 is divided by 79?
25
What is the remainder when 197 is divided by 33?
32
Calculate the remainder when 371 is divided by 99.
74
What is the remainder when 255 is divided by 43?
40
What is the remainder when 336 is divided by 32?
16
Calculate the remainder when 4263 is divided by 304.
7
What is the remainder when 398 is divided by 12?
2
What is the remainder when 109 is divided by 25?
9
Calculate the remainder when 15 is divided by 6.
3
Calculate the remainder when 1945 is divided by 35.
20
Calculate the remainder when 237 is divided by 57.
9
What is the remainder when 91 is divided by 78?
13
Calculate the remainder when 1071 is divided by 352.
15
Calculate the remainder when 1160 is divided by 217.
75
What is the remainder when 206 is divided by 49?
10
What is the remainder when 1298 is divided by 62?
58
What is the remainder when 91 is divided by 30?
1
What is the remainder when 401 is divided by 65?
11
Calculate the remainder when 322 is divided by 36.
34
Calculate the remainder when 224 is divided by 84.
56
Calculate the remainder when 519 is divided by 75.
69
What is the remainder when 143 is divided by 14?
3
What is the remainder when 2607 is divided by 45?
42
Calculate the remainder when 115 is divided by 10.
5
What is the remainder when 441 is divided by 121?
78
Calculate the remainder when 15549 is divided by 305.
299
Calculate the remainder when 72188 is divided by 7.
4
Calculate the remainder when 410 is divided by 16.
10
What is the remainder when 391 is divided by 1?
0
Calculate the remainder when 2725 is divided by 195.
190
Calculate the remainder when 4543 is divided by 6.
1
What is the remainder when 18017 is divided by 126?
125
Calculate the remainder when 1250 is divided by 99.
62
Calculate the remainder when 89 is divided by 13.
11
Calculate the remainder when 79 is divided by 73.
6
What is the remainder when 4345 is divided by 27?
25
Calculate the remainder when 714 is divided by 120.
114
What is the remainder when 6857 is divided by 98?
95
Calculate the remainder when 586 is divided by 2.
0
What is the remainder when 154 is divided by 48?
10
Calculate the remainder when 250 is divided by 14.
12
Calculate the remainder when 297 is divided by 12.
9
Calculate the remainder when 1049 is divided by 310.
119
What is the remainder when 48 is divided by 6?
0
Calculate the remainder when 16446 is divided by 257.
255
What is the remainder when 52 is divided by 1?
0
Calculate the remainder when 310 is divided by 6.
4
What is the remainder when 676 is divided by 23?
9
What is the remainder when 9163 is divided by 13?
11
Calculate the remainder when 367 is divided by 362.
5
Calculate the remainder when 46 is divided by 6.
4
Calculate the remainder when 204 is divided by 16.
12
What is the remainder when 632 is divided by 209?
5
What is the remain